y/(-9)*(-2)/1 is divided by 25.
22
Suppose -4*c - n + 6377 = 0, -46*c + 42*c + 6379 = 3*n. Calculate the remainder when c is divided by 114.
112
Suppose -116*x = -17*x - 11880. Calculate the remainder when 241 is divided by x.
1
Suppose -79*p + 5010 = 33. Calculate the remainder when 1383 is divided by p.
60
Let j = 328 - 314. Calculate the remainder when 178 is divided by 1 + (-10)/j - (-276)/14.
18
Suppose 90 + 502 = 14*i - 682. What is the remainder when 175 is divided by i?
84
What is the remainder when ((-151)/4)/((-168)/672) is divided by 45?
16
Let r(p) = 14*p**2 - p - 2. Suppose -6*x + 20 = -x. Suppose 0 = -c + x, -3*b + 111 - 16 = -4*c. What is the remainder when b is divided by r(-1)?
11
Let a be (-1468)/2 - (-4 - 28/(-7)). Let p = -512 - a. What is the remainder when p is divided by 57?
51
Let a be (-22)/(-6)*(12 - 6). Let k = a - -5. Calculate the remainder when 97 is divided by k.
16
Suppose 0 = 2*g + 3*y - 164, -4*g - y + 343 = -15. Calculate the remainder when 642 is divided by g.
5
Suppose -204 = 5*p + q - 1616, -p = -5*q - 298. Suppose -3*s - u + 169 = 0, 2*s = -3*s + u + 287. What is the remainder when p is divided by s?
55
Calculate the remainder when (245/(-14))/((-48)/7104) is divided by 12.
10
Suppose d - 122 = 5*n, 0 = 5*n + 2*d - 8 + 139. Let u = 656185 + -656103. What is the remainder when u is divided by n/(-2)*2 - -1?
4
Let q(r) = r**2 + r + 25. Suppose 5*z - 4*t = -22, 25 = -2*z - 3*z + 5*t. What is the remainder when 58/((-1)/(1 + z)) is divided by q(-3)?
27
Let t = -38 - -79. Let d = -24 + t. Suppose 0 = 145*q + 711 - 2016. Calculate the remainder when d is divided by q.
8
Let c = 27 + -27. Let l be 6*15 + (0 - c). Calculate the remainder when 3/5 + 0 - (-126)/l is divided by 2.
0
Let i(s) = s + 22. Calculate the remainder when 0 + 5 + (6/(-27) - 20438/(-198)) is divided by i(-15).
3
Let s(j) = -j**2 - 2*j - 4. Let f be s(0). Calculate the remainder when (f - -30)*(-2)/(-12)*3 is divided by 0 - 0 - (-11 + 4).
6
Let m = 4633 + -4585. What is the remainder when 469 is divided by m?
37
Let h(w) = -7*w**2 + 362*w + 390. Calculate the remainder when h(48) is divided by 181.
9
Let k be 1 + 2 + 2 + 17. Suppose j = -0*j + r + k, -4*j - 2*r + 64 = 0. What is the remainder when (-2943)/(-33) - 2/11 is divided by j?
17
Let a(z) = z**3 - 9*z**2 + 18*z - 71. Let f be a(7). Suppose p = 5*p - 208. Let c = p + f. What is the remainder when 23 is divided by c?
5
Let m(r) = 2*r**3 - 6*r**2 - 3*r + 2. Suppose -111 + 107 = -k. Suppose -5*o + 159 = 2*t, o = k*t + 6 + 17. Calculate the remainder when o is divided by m(4).
9
Suppose -p - 114 = -2*p - 18*p. Calculate the remainder when 514 is divided by p.
4
Let t(u) = -3*u**3 - 14*u**2 - u + 9. Let q = 458 - 463. Let h = 9 + -4. Calculate the remainder when t(q) is divided by h.
4
Let f(w) = 324*w**2 + 8*w + 5. Calculate the remainder when f(-2) is divided by 8.
5
Suppose 3*h = x - 72, 5*h + 6 + 143 = 2*x. Calculate the remainder when 1180 is divided by x.
49
Let n = 8331 + -8311. What is the remainder when 116 is divided by n?
16
Suppose 21*u = 26*u - 480. Let q = u + -88. Calculate the remainder when 24 is divided by q.
0
Suppose 0 = 259*y + 5581 - 31482 - 20719. Let o = -30 + 56. Calculate the remainder when y is divided by o.
24
Let h(p) = -114*p**2 - 11*p + 3. Let l be h(2). Let w = l - -712. What is the remainder when w is divided by 61?
54
Suppose 3*r + 66 - 69 = 0. Suppose 1 = -3*j + r. Calculate the remainder when (-27 - (-2 - 4))*(j - 5) is divided by 54.
51
Let r = -19578 - -20219. Calculate the remainder when r is divided by 189.
74
Suppose -2*p + w + 52 = 3*w, -80 = -2*p + 5*w. Let i be -2 - 1 - (-1 + -4). Suppose i*h - 7*h + p = 0. Calculate the remainder when 25 is divided by h.
1
Suppose 11*i = 7*i + z + 981, 4*i + 2*z - 966 = 0. Let t = -242 + i. What is the remainder when 30 is divided by t?
0
Suppose 10*c + 2161 = -999. Let g = c - -394. Let f(b) = -2*b + 2. Calculate the remainder when g is divided by f(-7).
14
Let c(t) = -t**3 + 11*t**2 + 25*t - 83. Calculate the remainder when 215 is divided by c(12).
69
Let x = -22 - -34. Let j(v) = 6*v + 13*v**3 + 9 - 16*v**3 + v**2 + x*v - 8*v. What is the remainder when j(-3) is divided by 18?
15
Suppose -3*z + 4648*u = 4643*u - 14128, 3*u + 18808 = 4*z. What is the remainder when z is divided by 81?
79
Let h = 168 - 157. What is the remainder when 67 is divided by h?
1
Let v(i) = 4*i**2 - 2*i + 7. Let x be v(-6). Suppose x = 4*w + 31. Let d(c) = c**2 + 156*c + 6129. What is the remainder when d(-74) is divided by w?
28
Let i = 38 + 184. Let r = 268 - i. Let c = -16 - -24. Calculate the remainder when r is divided by c.
6
Calculate the remainder when (-6)/(29/(15573/(-6))) is divided by 46.
31
Suppose -191*f + 29243 + 11941 = -59*f. What is the remainder when 3733 is divided by f?
301
Let m(g) = -g**2 + 4*g + 11. Let x be m(6). Let q(z) = -16*z**3 - 3*z**2 - 5*z - 2. What is the remainder when 75 is divided by q(x)?
11
Suppose -5375*x + 24321 = -5342*x. Calculate the remainder when x is divided by 233.
38
Suppose -27*h = 18*h - 10457 - 37513. Calculate the remainder when h is divided by 95.
21
What is the remainder when 469 is divided by ((-70)/(-15) - 6)*531/(-12)?
56
Calculate the remainder when 51 is divided by (1672/(-880) - (-4)/10)/((-3)/46).
5
Let h(u) = -u**3 - 3*u**2 + 2*u + 8. Suppose 9 = 24*t + 129. Calculate the remainder when 136 is divided by h(t).
40
Let j be 7/7 + -2 + 3. What is the remainder when 2 + j + (-413)/(-7) is divided by 11?
8
Suppose -4*q + 574 + 86 = 4*z, -2*q - 510 = -3*z. Suppose -g = -5*g + z. Let b = -2490 + 2506. Calculate the remainder when g is divided by b.
10
Suppose 5*o - 70 = -0. Let w(a) = 6*a - 18. Let j be w(4). Let u = 47 - j. Calculate the remainder when u is divided by o.
13
What is the remainder when 184 is divided by 1244/24 + (-22)/(-132)?
28
Suppose 396*c - 37*c - 75749 = 0. Calculate the remainder when 438 is divided by c.
16
Let b be ((-12)/10)/(18/660). Let i = 49 + b. Let n(y) = -2*y**3 + 12*y**2 - 6*y - 6. What is the remainder when n(i) is divided by 4?
2
Suppose -5*y + i = -71, -4*y - 2*i = -27 - 41. Suppose 5*p + 264 = 4*z, -4*z - p = 2177 - 2465. What is the remainder when z is divided by y?
11
Let q(x) = x**2 - 3*x - 1. Let z be q(4). Suppose 5 + z = 4*p. Suppose -5*l - 3*u + 224 = 0, p*u + 1 = 5*l - 233. What is the remainder when l is divided by 8?
6
Let i(w) = -w**3 - 6*w**2 + 5*w. Let z be i(-7). Suppose 137 = z*g - 3. What is the remainder when (21/(-6))/(2/(-84)) is divided by g?
7
Suppose -4*f + 9*f - 310 = 0. Let n be (9/12)/((0 - 2)/(-8)). Suppose 4*t + n*k = 122, -46*t + 43*t + 94 = k. Calculate the remainder when f is divided by t.
30
Suppose 3*z = -3*g + 10476, -77*z - 3*g + 24476 = -70*z. Calculate the remainder when z is divided by 146.
142
Let b(m) = 771*m + 4696. Calculate the remainder when -3 + 60*(-8)/(-6) is divided by b(-6).
7
Let r(p) = -p**3 + 11*p**2 + 16*p + 9. Let q = 449 + -437. Calculate the remainder when r(q) is divided by 5.
2
Suppose 190 = 6*u + 166. Let m(d) = 2*d**2 - d - 32. Suppose 4*n = -16 - 4. Calculate the remainder when m(n) is divided by u.
3
Let a = -361 + 366. Calculate the remainder when 2*(a - 6) + 461 is divided by 20.
19
Let o = -442 + 447. Suppose b = -4*p + 39, -8*p - 38 = o*b - 125. Let j = 1 - -6. Calculate the remainder when p is divided by j.
2
Let w(n) = 68*n + 232. Calculate the remainder when 416 is divided by w(-3).
24
What is the remainder when 1846 is divided by (-545)/(-13) + (-13)/1690*-10?
40
Let u(h) = -5*h - 32. Suppose -3*p + 21 = -21. What is the remainder when p is divided by u(-8)?
6
Suppose 105*d + 126 = 111*d. Let b be ((-80)/(-24))/(2/3). Calculate the remainder when 1*(d + (-10)/b) is divided by 4.
3
What is the remainder when ((-11)/44*-4)/((4/(-1156))/(-1)) is divided by 204?
85
Let y = -904 + 978. Suppose -8*m = -56 - 112. Calculate the remainder when y is divided by m.
11
What is the remainder when 550/14 + (-4)/14 is divided by 63*((-16)/216)/(26/(-39))?
4
Suppose 8*t = -5*s + 7*t + 183, -2*s - 2*t = -70. What is the remainder when s is divided by ((-16)/(-12))/((-15)/(-315))?
9
What is the remainder when 4*((-6 - 33445/(-20)) + -12) is divided by 18?
11
Suppose -2686 = -1076*q + 1042*q.